{"id":21026,"date":"2015-03-12T22:32:56","date_gmt":"2015-03-12T22:32:56","guid":{"rendered":"https:\/\/stns.ec\/new\/home\/"},"modified":"2025-08-13T15:32:51","modified_gmt":"2025-08-13T20:32:51","slug":"home","status":"publish","type":"page","link":"https:\/\/stns.ec\/new\/","title":{"rendered":"Inicio"},"content":{"rendered":"<div id=\"cs-content\" class=\"cs-content\"><div class=\"x-section e21026-e1 mg82-0 mg82-1\"><div class=\"x-row e21026-e2 mg82-c mg82-d mg82-e mg82-f mg82-g mg82-m mg82-n\"><div class=\"x-row-inner\"><div class=\"x-col e21026-e3 mg82-x\">\n\t\t\t\t<p class=\"rs-p-wp-fix\"><\/p>\n\t\t\t\t<sr7-module data-alias=\"education-home\" data-id=\"1\" id=\"SR7_1_1\" class=\"rs-ov-hidden\" data-version=\"6.7.40\">\n\t\t\t\t\t<sr7-adjuster><\/sr7-adjuster>\n\t\t\t\t\t<sr7-content>\n\t\t\t\t\t\t<sr7-slide id=\"SR7_1_1-1\" data-key=\"1\">\n\t\t\t\t\t\t\t<sr7-bg id=\"SR7_1_1-1-2\" class=\"sr7-layer\"><noscript><img decoding=\"async\" src=\"https:\/\/stns.ec\/new\/wp-content\/uploads\/2025\/01\/STNS-scaled.jpg\" alt=\"STNS Tabern\u00e1culo\" title=\"STNS\"><\/noscript><\/sr7-bg>\n\t\t\t\t\t\t<\/sr7-slide>\n\t\t\t\t\t\t<sr7-slide id=\"SR7_1_1-2\" data-key=\"2\">\n\t\t\t\t\t\t<\/sr7-slide>\n\t\t\t\t\t<\/sr7-content>\n\t\t\t\t\t<image_lists style=\"display:none\">\n\t\t\t\t\t\t<img data-src=\"\/\/stns.ec\/new\/wp-content\/uploads\/2025\/01\/STNS_white.png\" data-libid=\"21042\" data-lib=\"medialibrary\" title=\"STNS_white\" width=\"0\" height=\"0\" data-dbsrc=\"Ly9zdG5zLmVjL25ldy93cC1jb250ZW50L3VwbG9hZHMvMjAyNS8wMS9TVE5TX3doaXRlLnBuZw==\"\/>\n\t\t\t\t\t\t<img data-src=\"\/\/stns.ec\/new\/wp-content\/uploads\/2025\/01\/STNS-scaled.jpg\" data-libid=\"21053\" data-lib=\"medialibrary\" alt=\"STNS Tabern\u00e1culo\" title=\"STNS\" width=\"0\" height=\"0\" data-dbsrc=\"Ly9zdG5zLmVjL25ldy93cC1jb250ZW50L3VwbG9hZHMvMjAyNS8wMS9TVE5TLXNjYWxlZC5qcGc=\"\/>\n\t\t\t\t\t<\/image_lists>\n\t\t\t\t<\/sr7-module>\n\t\t\t\t<script>\n\t\t\t\t\tSR7.PMH ??={}; SR7.PMH[\"SR7_1_1\"] = {cn:100,state:false,fn: function() { if (_tpt!==undefined && _tpt.prepareModuleHeight !== undefined) {  _tpt.prepareModuleHeight({id:\"SR7_1_1\",el:[350,350,768,960,720],type:'standard',shdw:'0',gh:[350,350,338,257,159],gw:[1060,1060,1024,778,480],vpt:['-100px'],size:{fullWidth:false, fullHeight:false},mh:'0',onh:0,onw:0,bg:{color:'{\"type\":\"solid\",\"orig\":\"#0e0f1b\",\"string\":\"rgba(14, 15, 27, 1)\"}'},plType:'0',plColor:'#FFFFFF'});   SR7.PMH[\"SR7_1_1\"].state=true;} else if(SR7.PMH[\"SR7_1_1\"].cn-->0)\tsetTimeout( SR7.PMH[\"SR7_1_1\"].fn,19);}};SR7.PMH[\"SR7_1_1\" ].fn();\n\t\t\t\t<\/script>\n<\/div><\/div><\/div><\/div><div class=\"x-section e21026-e5 mg82-0 mg82-2 mg82-3\"><div class=\"x-row x-container max width e21026-e6 mg82-c mg82-d mg82-e mg82-f mg82-g mg82-m mg82-o\"><div class=\"x-row-inner\"><div class=\"x-col e21026-e7 mg82-x mg82-y\"><a class=\"x-anchor x-anchor-button has-graphic e21026-e8 mg82-11 mg82-12\" tabindex=\"0\" href=\"https:\/\/stns.ec\/new\/el-stns\/\"><div class=\"x-anchor-content\"><span class=\"x-graphic\" aria-hidden=\"true\"><i class=\"x-icon x-graphic-child x-graphic-icon x-graphic-primary\" aria-hidden=\"true\" data-x-icon-s=\"&#xf549;\"><\/i><\/span><div class=\"x-anchor-text\"><span class=\"x-anchor-text-primary\">EL STNS<\/span><\/div><\/div><\/a><\/div><div class=\"x-col e21026-e9 mg82-x mg82-y\"><a class=\"x-anchor x-anchor-button has-graphic e21026-e10 mg82-11 mg82-12\" tabindex=\"0\" href=\"https:\/\/stns.ec\/new\/admisiones\/\"><div class=\"x-anchor-content\"><span class=\"x-graphic\" aria-hidden=\"true\"><i class=\"x-icon x-graphic-child x-graphic-icon x-graphic-primary\" aria-hidden=\"true\" data-x-icon-s=\"&#xf044;\"><\/i><\/span><div class=\"x-anchor-text\"><span class=\"x-anchor-text-primary\">Admisiones<\/span><\/div><\/div><\/a><\/div><div class=\"x-col e21026-e11 mg82-x mg82-y\"><a class=\"x-anchor x-anchor-button has-graphic e21026-e12 mg82-11 mg82-12\" tabindex=\"0\" href=\"https:\/\/stns.ec\/new\/noticias-eventos\/\"><div class=\"x-anchor-content\"><span class=\"x-graphic\" aria-hidden=\"true\"><i class=\"x-icon x-graphic-child x-graphic-icon x-graphic-primary\" aria-hidden=\"true\" data-x-icon-s=\"&#xf1ea;\"><\/i><\/span><div class=\"x-anchor-text\"><span class=\"x-anchor-text-primary\">Vida STNS<\/span><\/div><\/div><\/a><\/div><\/div><\/div><\/div><div class=\"x-section e21026-e13 mg82-0 mg82-4\"><div class=\"x-row x-container max width e21026-e14 mg82-c mg82-g mg82-h mg82-i mg82-p\"><div class=\"x-row-inner\"><div class=\"x-col e21026-e15 mg82-x\"><hr class=\"x-line e21026-e16 mg82-16\"\/><\/div><div class=\"x-col e21026-e17 mg82-x\"><div class=\"x-text x-text-headline e21026-e18 mg82-17 mg82-18 mg82-19\"><div class=\"x-text-content\"><div class=\"x-text-content-text\"><h1 class=\"x-text-content-text-primary\"><span class=\"period-yellow\"><span style=\"color: #38255d;\">Bienvenidos al STNS<\/span><\/span><strong class=\"period-yellow\">.<\/strong><\/h1>\n<\/div><\/div><\/div><\/div><div class=\"x-col e21026-e19 mg82-x\"><hr class=\"x-line e21026-e20 mg82-16\"\/><\/div><\/div><\/div><div class=\"x-row x-container max width e21026-e21 mg82-c mg82-d mg82-i mg82-j mg82-k mg82-q mg82-r\"><div class=\"x-row-inner\"><div class=\"x-col e21026-e22 mg82-x mg82-y\"><span class=\"x-image e21026-e23 mg82-1h mg82-1i mg82-1j mg82-1k\"><img decoding=\"async\" src=\"https:\/\/stns.ec\/new\/wp-content\/uploads\/2025\/02\/Rector_RobertoQuinatoa.png\" width=\"426\" height=\"567\" alt=\"Image\" loading=\"lazy\"><\/span><\/div><div class=\"x-col e21026-e24 mg82-x\"><div class=\"x-text x-content e21026-e25 mg82-1o\"><p>Bienvenidos al Seminario Teol&oacute;gico Nazareno Sudamericano. Es un honor saludarlos y bendecir sus vidas y ministerios en el nombre de Dios.<br \/>El STNS abre sus puertas para seguir formando a quienes han respondido al llamado de Dios al ministerio. Te invitamos a conocer y ser parte de nuestros programas de formaci&oacute;n. Ser&aacute; un privilegio servirles. <br \/>&iexcl;Bienvenidos y que Dios les bendiga!<\/p><\/div><span class=\"x-image e21026-e26 mg82-1h mg82-1k mg82-1l mg82-1m\"><img decoding=\"async\" src=\"https:\/\/stns.ec\/new\/wp-content\/uploads\/2025\/02\/NOFirmaRoberto.png\" width=\"122\" height=\"38\" alt=\"Image\" loading=\"lazy\"><\/span><div class=\"x-text x-content e21026-e27 mg82-1o\">Rector<\/div><\/div><\/div><\/div><\/div><div class=\"x-section e21026-e28 mg82-0 mg82-2 mg82-5 mg82-6 mg82-7\"><div class=\"x-row x-container max width e21026-e29 mg82-c mg82-d mg82-e mg82-f mg82-g mg82-m mg82-s\"><div class=\"x-row-inner\"><div class=\"x-col e21026-e30 mg82-x\"><div class=\"x-counter e21026-e31 mg82-1p\" data-x-element-counter=\"{&quot;to&quot;:&quot;1988&quot;,&quot;speed&quot;:&quot;1.5s&quot;,&quot;commaSeparatedDecimal&quot;:false}\"><div class=\"x-counter-number-wrap\"><span class=\"x-counter-number\">0<\/span><\/div><div class=\"x-counter-after\">A\u00f1o de Fundaci\u00f3n<\/div><\/div><\/div><div class=\"x-col e21026-e32 mg82-x\"><div class=\"x-counter e21026-e33 mg82-1p\" data-x-element-counter=\"{&quot;to&quot;:&quot;7&quot;,&quot;speed&quot;:&quot;1.5s&quot;,&quot;commaSeparatedDecimal&quot;:false}\"><div class=\"x-counter-number-wrap\"><span class=\"x-counter-number\">0<\/span><span class=\"x-counter-number-suffix\">+<\/span><\/div><div class=\"x-counter-after\">Programas<\/div><\/div><\/div><div class=\"x-col e21026-e34 mg82-x\"><div class=\"x-counter e21026-e35 mg82-1p\" data-x-element-counter=\"{&quot;to&quot;:&quot;1200&quot;,&quot;speed&quot;:&quot;1.5s&quot;,&quot;commaSeparatedDecimal&quot;:false}\"><div class=\"x-counter-number-wrap\"><span class=\"x-counter-number\">0<\/span><span class=\"x-counter-number-suffix\">+<\/span><\/div><div class=\"x-counter-after\">Estudiantes<\/div><\/div><\/div><\/div><\/div><\/div><div class=\"x-section e21026-e36 mg82-0 mg82-4 mg82-7 mg82-8 mg82-9\"><div class=\"x-bg\" aria-hidden=\"true\"><div class=\"x-bg-layer-lower-image\"><\/div><\/div><div class=\"x-row x-container max width e21026-e37 mg82-c mg82-d mg82-e mg82-k mg82-q mg82-t\"><div class=\"x-row-inner\"><div class=\"x-col e21026-e38 mg82-x\"><div class=\"x-text x-text-headline e21026-e39 mg82-18 mg82-19 mg82-1a mg82-1b mg82-1c mg82-1d\"><div class=\"x-text-content\"><div class=\"x-text-content-text\"><h1 class=\"x-text-content-text-primary\">Continuamos el legado<strong class=\"period-yellow\">.<\/strong><\/h1>\n<span class=\"x-text-content-text-subheadline\">Desde su fundaci&oacute;n, el STNS ha preparado a cientos de hombres y mujeres para el ministerio, envi&aacute;ndolos a servir en diversas regiones del mundo.<br \/>Nuestra educaci&oacute;n teol&oacute;gica trasciende fronteras, impactando vidas a trav&eacute;s de programas presenciales, en l&iacute;nea y Educaci&oacute;n Teol&oacute;gica Descentralizada (ETED).<br \/>Si Dios te ha llamado, este es tu lugar de preparaci&oacute;n. &Uacute;nete a la historia de formaci&oacute;n ministerial que sigue transformando generaciones.<\/span><\/div><\/div><\/div><a class=\"x-anchor x-anchor-button has-graphic e21026-e40 mg82-12 mg82-13 mg82-14\" tabindex=\"0\" href=\"https:\/\/stns.ec\/new\/el-stns\/\"><div class=\"x-anchor-content\"><span class=\"x-graphic\" aria-hidden=\"true\"><i class=\"x-icon x-graphic-child x-graphic-icon x-graphic-primary\" aria-hidden=\"true\" data-x-icon-s=\"&#xf05a;\"><\/i><\/span><div class=\"x-anchor-text\"><span class=\"x-anchor-text-primary\">El STNS<\/span><\/div><\/div><\/a><\/div><div class=\"x-col e21026-e41 mg82-x mg82-z\"><span class=\"x-image e21026-e42 mg82-1h mg82-1j mg82-1m mg82-1n\"><img decoding=\"async\" src=\"https:\/\/stns.ec\/new\/wp-content\/uploads\/2025\/02\/DSC00542.jpg\" width=\"1000\" height=\"666\" alt=\"Image\" loading=\"lazy\"><\/span><\/div><\/div><\/div><\/div><div class=\"x-section e21026-e43 mg82-0 mg82-4 mg82-6 mg82-7 mg82-a\"><div class=\"x-row x-container max width e21026-e44 mg82-c mg82-d mg82-e mg82-k mg82-q mg82-u\"><div class=\"x-row-inner\"><div class=\"x-col e21026-e45 mg82-x\"><span class=\"x-image e21026-e46 mg82-1h mg82-1j mg82-1m mg82-1n\"><img decoding=\"async\" src=\"https:\/\/stns.ec\/new\/wp-content\/uploads\/2025\/02\/Biblioteca.jpg\" width=\"771\" height=\"444\" alt=\"Image\" loading=\"lazy\"><\/span><\/div><div class=\"x-col e21026-e47 mg82-x mg82-10\"><div class=\"x-text x-text-headline e21026-e48 mg82-18 mg82-19 mg82-1a mg82-1e\"><div class=\"x-text-content\"><div class=\"x-text-content-text\"><h1 class=\"x-text-content-text-primary\">Noticias y eventos<strong class=\"period-yellow\">.<\/strong><\/h1>\n<\/div><\/div><\/div><div  class=\"x-recent-posts cf vertical\"  data-x-element=\"recent_posts\" data-x-params=\"{&quot;fade&quot;:false}\" data-fade=\"false\" ><a class=\"x-recent-post4 no-image\" href=\"https:\/\/stns.ec\/new\/programa-de-actualizacion-ministerial-pam\/\" title=\"Permalink to: &quot;Programa de Actualizaci\u00f3n Ministerial (PAM)&quot;\"><article id=\"post-21255\" class=\"post-21255 post type-post status-publish format-standard hentry category-noticias-eventos category-rector tag-91 tag-academico tag-stns no-post-thumbnail\"><div class=\"entry-wrap\"><div class=\"x-recent-posts-content\"><h3 class=\"h-recent-posts\">Programa de Actualizaci\u00f3n Ministerial (PAM)<\/h3><span class=\"x-recent-posts-date\">22 julio, 2025<\/span><\/div><\/div><\/article><\/a><a class=\"x-recent-post4 no-image\" href=\"https:\/\/stns.ec\/new\/capacitacion-docente-stns\/\" title=\"Permalink to: &quot;STNS fortalece las buenas pr\u00e1cticas en la ense\u00f1anza&quot;\"><article id=\"post-21165\" class=\"post-21165 post type-post status-publish format-standard hentry category-bachillerato category-diplomados category-licenciatura category-maestria category-noticias-eventos no-post-thumbnail\"><div class=\"entry-wrap\"><div class=\"x-recent-posts-content\"><h3 class=\"h-recent-posts\">STNS fortalece las buenas pr\u00e1cticas en la ense\u00f1anza<\/h3><span class=\"x-recent-posts-date\">15 abril, 2025<\/span><\/div><\/div><\/article><\/a><a class=\"x-recent-post4 no-image\" href=\"https:\/\/stns.ec\/new\/1er-taller-de-capacitacion-para-profesores\/\" title=\"Permalink to: &quot;1er. Taller de Capacitaci\u00f3n para Profesores&quot;\"><article id=\"post-21159\" class=\"post-21159 post type-post status-publish format-standard has-post-thumbnail hentry category-noticias-eventos category-sin-categoria\"><div class=\"entry-wrap\"><div class=\"x-recent-posts-content\"><h3 class=\"h-recent-posts\">1er. Taller de Capacitaci\u00f3n para Profesores<\/h3><span class=\"x-recent-posts-date\">24 marzo, 2025<\/span><\/div><\/div><\/article><\/a><a class=\"x-recent-post4 no-image\" href=\"https:\/\/stns.ec\/new\/inauguracion-del-ano-academico-2025\/\" title=\"Permalink to: &quot;Inauguraci\u00f3n del A\u00f1o Acad\u00e9mico 2025&quot;\"><article id=\"post-21111\" class=\"post-21111 post type-post status-publish format-standard has-post-thumbnail hentry category-bachillerato category-diplomados category-licenciatura category-maestria category-noticias-eventos category-sin-categoria tag-91 tag-academico tag-stns\"><div class=\"entry-wrap\"><div class=\"x-recent-posts-content\"><h3 class=\"h-recent-posts\">Inauguraci\u00f3n del A\u00f1o Acad\u00e9mico 2025<\/h3><span class=\"x-recent-posts-date\">12 febrero, 2025<\/span><\/div><\/div><\/article><\/a><\/div><a class=\"x-anchor x-anchor-button has-graphic e21026-e50 mg82-12 mg82-13 mg82-14\" tabindex=\"0\" href=\"https:\/\/stns.ec\/new\/vida-stns\/\"><div class=\"x-anchor-content\"><span class=\"x-graphic\" aria-hidden=\"true\"><i class=\"x-icon x-graphic-child x-graphic-icon x-graphic-primary\" aria-hidden=\"true\" data-x-icon-s=\"&#xf133;\"><\/i><\/span><div class=\"x-anchor-text\"><span class=\"x-anchor-text-primary\">Leer m&aacute;s<\/span><\/div><\/div><\/a><\/div><\/div><\/div><\/div><div class=\"x-section e21026-e51 mg82-0 mg82-4 mg82-7 mg82-9 mg82-b\"><div class=\"x-bg\" aria-hidden=\"true\"><div class=\"x-bg-layer-lower-image\"><\/div><\/div><div class=\"x-row x-container max width e21026-e52 mg82-c mg82-d mg82-e mg82-k mg82-q mg82-v\"><div class=\"x-row-inner\"><div class=\"x-col e21026-e53 mg82-x\"><div class=\"x-text x-text-headline e21026-e54 mg82-18 mg82-1a mg82-1b mg82-1c mg82-1f\"><div class=\"x-text-content\"><div class=\"x-text-content-text\"><h1 class=\"x-text-content-text-primary\"><span class=\"period-yellow\"><span style=\"color: #ffffff;\">Conoce m&aacute;s<\/span><\/span><strong class=\"period-yellow\">.<\/strong><\/h1>\n<span class=\"x-text-content-text-subheadline\">Descubre m&aacute;s sobre el STNS en nuestro video promocional.&nbsp;<br \/>Dale \"clic\" al play.<\/span><\/div><\/div><\/div><\/div><div class=\"x-col e21026-e55 mg82-x\"><div class=\"x-frame x-frame-video-player e21026-e56 mg82-1q mg82-1r\"><div class=\"x-frame-inner\"><div class=\"x-video x-video-player youtube\" data-x-element-mejs=\"{&quot;poster&quot;:&quot;&quot;,&quot;options&quot;:{&quot;pause_out_of_view&quot;:false}}\"><video class=\"x-mejs\" poster=\"\" preload=\"metadata\" options=\"\"><source src=\"https:\/\/www.youtube.com\/watch?v=KySH8BP-AwU\" type=\"video\/youtube\"><\/video><\/div><\/div><\/div><\/div><\/div><\/div><\/div><div class=\"x-section e21026-e57 mg82-0 mg82-4 mg82-5 mg82-6 mg82-7\"><div class=\"x-row e21026-e58 mg82-c mg82-d mg82-e mg82-f mg82-g mg82-l mg82-m mg82-w\"><div class=\"x-row-inner\"><div class=\"x-col e21026-e59 mg82-x mg82-y\"><div class=\"x-text x-text-headline e21026-e60 mg82-17 mg82-18 mg82-1c mg82-1f mg82-1g\"><div class=\"x-text-content\"><div class=\"x-text-content-text\"><h1 class=\"x-text-content-text-primary\">Aplica ahora<strong class=\"period-yellow\">.<\/strong><\/h1>\n<\/div><\/div><\/div><a class=\"x-anchor x-anchor-button has-graphic e21026-e61 mg82-12 mg82-14 mg82-15\" tabindex=\"0\" href=\"https:\/\/stns.ec\/new\/admisiones\/\"><div class=\"x-anchor-content\"><span class=\"x-graphic\" aria-hidden=\"true\"><i class=\"x-icon x-graphic-child x-graphic-icon x-graphic-primary\" aria-hidden=\"true\" data-x-icon-o=\"&#xf14a;\"><\/i><\/span><div class=\"x-anchor-text\"><span class=\"x-anchor-text-primary\">Comienza tu Formaci\u00f3n Ministerial<\/span><\/div><\/div><\/a><\/div><\/div><\/div><\/div><\/div>\n","protected":false},"excerpt":{"rendered":"<p>EL STNSAdmisionesVida STNSBienvenidos al STNS. Bienvenidos al Seminario Teol&oacute;gico Nazareno Sudamericano. Es un honor saludarlos y bendecir sus vidas y ministerios en el nombre de Dios.El STNS abre sus puertas para seguir formando a quienes han respondido al llamado de Dios al ministerio. Te invitamos a conocer y ser parte de nuestros programas de formaci&oacute;n. Ser&aacute; un privilegio servirles. &iexcl;Bienvenidos &#8230; <a href=\"https:\/\/stns.ec\/new\/inauguracion-del-ano-academico-2025\/\" class=\"more-link\">Read More<\/a><\/p>\n","protected":false},"author":2,"featured_media":0,"parent":0,"menu_order":0,"comment_status":"closed","ping_status":"open","template":"template-blank-4.php","meta":{"footnotes":""},"class_list":["post-21026","page","type-page","status-publish","hentry","no-post-thumbnail"],"_links":{"self":[{"href":"https:\/\/stns.ec\/new\/wp-json\/wp\/v2\/pages\/21026","targetHints":{"allow":["GET"]}}],"collection":[{"href":"https:\/\/stns.ec\/new\/wp-json\/wp\/v2\/pages"}],"about":[{"href":"https:\/\/stns.ec\/new\/wp-json\/wp\/v2\/types\/page"}],"author":[{"embeddable":true,"href":"https:\/\/stns.ec\/new\/wp-json\/wp\/v2\/users\/2"}],"replies":[{"embeddable":true,"href":"https:\/\/stns.ec\/new\/wp-json\/wp\/v2\/comments?post=21026"}],"version-history":[{"count":0,"href":"https:\/\/stns.ec\/new\/wp-json\/wp\/v2\/pages\/21026\/revisions"}],"wp:attachment":[{"href":"https:\/\/stns.ec\/new\/wp-json\/wp\/v2\/media?parent=21026"}],"curies":[{"name":"wp","href":"https:\/\/api.w.org\/{rel}","templated":true}]}}